= 2*l - 2. Let j = v - 8. Let k be 138/8 + 3/(-12). Calculate the greatest common divisor of j and k.
17
Let x be (22/(-2))/(3/(-6)). Let z = -186 - -296. Calculate the greatest common divisor of x and z.
22
Let t = 5 - -8. Calculate the greatest common factor of t and 39.
13
Let j(p) = -3*p - 9. Let x be j(-6). Let s(q) = q + 3. Let v be s(6). What is the highest common divisor of x and v?
9
Let p(z) = -z**3 - z - 24. Let f be p(0). Let b be -2 - f - (2 - 0). Let c(w) = 12*w + 4. Let y be c(3). Calculate the highest common divisor of y and b.
20
Let x = 18 + 74. Calculate the highest common divisor of x and 23.
23
Let l be -1*(67 - 0) + -3. Let c = l + 119. Let b be 1/(0 + (-1)/(-7)). Calculate the highest common divisor of b and c.
7
Let r = 2 - -2. Suppose 0 = -y - 4*u + 31, r*u - 75 = -0*y - 5*y. Calculate the greatest common factor of 77 and y.
11
Suppose -60 = -10*q + 5*q. Suppose 0 = -3*a + u + 32, -2*a + 20 = -u - 0*u. What is the highest common factor of a and q?
12
Let h be (-8)/3*24/(-32). Calculate the greatest common divisor of 22 and h.
2
Suppose -3*w - 9 = -0*w. Let b be 58*w/(-6) + 3. Suppose 0 = 3*z + i - 12, 5*i + 8 = 2*z + i. What is the highest common factor of b and z?
4
Let o = 19 - 7. Suppose v + 3*v - o = 0. Suppose c - 88 = v*m, -m = 3*m. Calculate the greatest common divisor of 11 and c.
11
Suppose -3*q = 0, 0 = -4*y - 0*y - 2*q + 120. Calculate the greatest common divisor of y and 6.
6
Suppose m = -m - 2*h + 18, 4*h - 32 = -3*m. Let q(y) = -y**2 - 4*y - 3*y**3 + m*y**3 + 3*y - 1. Let j be q(3). What is the greatest common factor of j and 7?
7
Suppose -4*h = -2*h - 132. Calculate the greatest common factor of 6 and h.
6
Let j be (-1)/(0 - 1/1). Suppose 0 = k + 3*s - 4, 3*k + j = -3*s + 37. Calculate the greatest common factor of 112 and k.
16
Suppose -4*h - 20 = -0*h, 2*h - 10 = -a. Let n be -32*1*(-35)/a. What is the highest common divisor of n and 14?
14
Suppose -3*m + 5*c = -24 - 11, -m = 4*c + 11. Suppose -2*h + 7 = 2*n - n, m*h = n + 7. What is the greatest common divisor of 10 and h?
2
Let f(n) = -2*n**3 - n**2 - n - 1. Let x be f(-1). Let o be (2 - -24 - 0) + x. Calculate the highest common divisor of 18 and o.
9
Let a(z) = -z**3 - 2*z**2 + 2*z + 5. Let k be a(-2). Calculate the highest common divisor of k and 5.
1
Let s(o) = o**3 - o**2 + o - 15. Let p be s(0). Let z = 0 - p. What is the greatest common factor of 105 and z?
15
Suppose -296 = 5*z - 9*z - 4*c, 4*c + 12 = 0. What is the greatest common factor of 11 and z?
11
Let y(d) = 2*d**2 - 14*d + 4. Let r be y(13). What is the greatest common divisor of r and 20?
20
Let h be 8/(1/2 - 0). Calculate the greatest common divisor of 16 and h.
16
Let s(l) = l**3 + 9*l**2 + 5*l - 9. Suppose 3*r - 5*j = -44, r + 4*r = 2*j - 48. Let c be s(r). Calculate the greatest common divisor of 60 and c.
15
Suppose 4*k - 14 = 3*k. Suppose 31 + k = o. Calculate the highest common factor of o and 15.
15
Let y be (-11)/2 + 1/(-2). Let l(j) = -2*j - 2. Let s be l(y). Suppose -65 = -5*d + s. Calculate the greatest common divisor of d and 30.
15
Let y(r) = r**2 - 2*r. Let x(q) = 2*q - 3. Let s be x(3). Let j be y(s). Calculate the highest common divisor of 24 and j.
3
Suppose 14 = 4*d + 2*h - 10, 4*h = 0. Let n be 3/d + (-15)/(-6). Suppose -86 = -n*r + 34. What is the greatest common divisor of 5 and r?
5
Let l be ((-107)/(-3) - -1)/(12/90). What is the greatest common divisor of l and 25?
25
Suppose 7*s - 23 = 5. Calculate the highest common divisor of s and 20.
4
Let v(h) = h. Let x(f) = -2*f**2 + 9*f - 2. Let g(m) = 3*v(m) - x(m). Let a be g(4). What is the greatest common divisor of a and 15?
5
Let x be -9*(-1 + 37)/(-4). Calculate the greatest common factor of 9 and x.
9
Let i(r) = -r**2 + 22*r + 17. Let q be i(22). Calculate the greatest common divisor of q and 68.
17
Let q be (-28)/(-6) - (-6)/(-9). Let t = 6 - q. Suppose 168 = t*k + 4*c, 0 = -5*c - 10 - 0. What is the greatest common divisor of k and 8?
8
Suppose 5*x - 3*x + 3 = -3*l, 5*x = 3*l - 18. Let o = 44 + l. Calculate the highest common divisor of 9 and o.
9
Let n(z) be the third derivative of 4*z**5/3 - z**4/12 - z**3/6 - 3*z**2. Let o be n(-1). What is the highest common factor of o and 9?
9
Let k(b) = b**3 + 8*b**2 + 6*b + 9. Let m be k(-5). Let a(z) = 3*z**2 - 2*z - 2. Let i be a(2). What is the greatest common factor of m and i?
6
Let w(c) = 3*c**2 + 15*c + 5. Let y(v) = -v**2 - 7*v - 3. Let q(o) = 2*w(o) + 5*y(o). Let h be q(8). Calculate the greatest common factor of h and 133.
19
Suppose -8*v + 3*v + 20 = 0. Let r = -16 + 28. What is the highest common divisor of r and v?
4
Suppose 0 = -3*m - 2*i - 19, -m - 3*i + 0*i = 11. Let d be (-176)/(-10) - 2/m. Calculate the highest common factor of 6 and d.
6
Let g = 3 - 5. Let i be g*1*(-5)/2. What is the highest common divisor of i and 25?
5
Suppose 109 + 134 = 3*t. Suppose -3*c - 50 = 2*o, 2*c - 7*c = -10. Let p = -19 - o. Calculate the highest common factor of t and p.
9
Let q(p) be the first derivative of 6*p**2 + 1. Let n(c) = c + 8. Let l be n(-7). Let w be q(l). What is the greatest common factor of w and 36?
12
Let f = 25 - 16. Suppose n + 99 = 2*n. Calculate the highest common factor of f and n.
9
Let p = -3 - -5. Suppose -2*a - p = -f, 2*f - 5*a - 9 = -2*a. Calculate the greatest common divisor of f and 96.
12
Let j = 3 - -6. Suppose 17 = 2*u - j. What is the greatest common divisor of 104 and u?
13
Let c = -5 + 8. Suppose q + 80 = c*q. Calculate the greatest common factor of 20 and q.
20
Let s(u) = u**2 - 7*u + 5. Let l be s(6). Let b be 1/(-3)*l*-3. Let c be (4 + -28)*b*1. Calculate the greatest common factor of c and 60.
12
Let f be 0 - 2/3*-21. Let o be ((-4)/10)/(1/(-5)). Suppose p - o = -0*p. Calculate the highest common divisor of p and f.
2
Let n = 69 - 31. Calculate the greatest common divisor of 57 and n.
19
Let y be 774/22 - (-2)/(-11). What is the greatest common divisor of 14 and y?
7
Suppose 0 = -3*y - 2*v + 65, -6*v + v - 10 = 0. Suppose 943 - 115 = 18*h. What is the highest common divisor of y and h?
23
Let u be 27*(-3)/(3/(-4)). Suppose -2*z - 3*y + 63 = 0, 2*y + 10 - 68 = -2*z. Suppose 5*n - z - 36 = 0. Calculate the highest common divisor of u and n.
12
Suppose -2*i + 56 + 0 = 0. Calculate the greatest common factor of i and 308.
28
Suppose 5*f + 0*f = 260. Calculate the highest common divisor of f and 130.
26
Let p(x) = x**3 - 2*x**2 + 2*x - 3. Suppose 5*j = j + 12. Let m be p(j). Suppose 1 + 39 = 5*n. What is the greatest common divisor of m and n?
4
Let d(v) = -15*v. Let t be d(-6). Let p be -2*(0 - (-12)/(-8)). Suppose l = p*i - 60, -l + t + 10 = 5*i. Calculate the highest common factor of i and 10.
10
Let s(g) = -g**2 - 7*g + 4. Let r be s(-5). What is the greatest common divisor of r and 35?
7
Let d be ((-6)/12)/(122/(-120) + 1). Calculate the greatest common factor of d and 30.
30
Suppose 0*z + 4*z = 140. Calculate the greatest common divisor of 14 and z.
7
Suppose -1 = 2*l - 9. Suppose -u = 5*b, l*u - 8*u = -b. Suppose u = -2*f + 6, 3*f + 47 = -5*h + 126. What is the greatest common divisor of h and 154?
14
Let m be (-2 + 2/4)*2. Let c be (5 - -1)*(m + 4). What is the greatest common factor of 15 and c?
3
Let z = 583 - 174. Suppose 4*g - z - 131 = 0. Calculate the highest common factor of 15 and g.
15
Let s be -1 - (-20)/35 - (-720)/14. Calculate the greatest common factor of 17 and s.
17
Suppose 5*g + 88 = 4*s, -g - 18 = -s + 4. Let f = -52 + 81. Let i = f - 18. What is the greatest common divisor of s and i?
11
Let j(i) = -15*i - 5. Let h(p) = -p**3 + p**2 - 2*p - 3. Let v be h(0). Let b be j(v). What is the greatest common factor of b and 16?
8
Let k = 16 - 6. Suppose g + 32 = -7*g. Let s = g + k. What is the highest common divisor of s and 4?
2
Let f be (-2)/7 + 48/21. Let c = f + 1. Suppose 0 = c*d - 0*d - 39. What is the greatest common divisor of d and 13?
13
Let r be (-286)/(-4) + (-9)/6. Calculate the greatest common divisor of 28 and r.
14
Suppose 5*v = 4*r + 72, 7*r - 12*r + 10 = 0. What is the highest common divisor of v and 4?
4
Suppose -3*j - 5*g = -14, -g = 3*j - 3 + 5. Let c be j/(-9) - 7/(-9). Let v = 6 - 2. What is the greatest common factor of v and c?
1
Let v = 27 + -48. Let n be v/(-12) + (-1)/(-4). Let d 